) is divided by h.
12
Suppose 5*s = 2*s - 5*r - 12, -4*s - 4*r = 16. Let a = 19 + s. Calculate the remainder when 56 is divided by a.
11
Suppose 2*q = s + 47 + 48, 3*q = 5*s + 160. Suppose -3*h + 5*h = 48. What is the remainder when q is divided by h?
21
Let s = -40 + 67. Suppose -m = 2*m - 237. What is the remainder when m is divided by s?
25
Let c = 0 + 1. Suppose -12 = -p + c. Calculate the remainder when p is divided by 4.
1
Let u = 91 + -64. Suppose 5*q - u = 2*q. What is the remainder when 26 is divided by q?
8
Let u(y) = -3*y - 2*y**2 + 3 + 1 + 3*y**2. Let a(t) = 12*t + 2. What is the remainder when a(2) is divided by u(5)?
12
Let g(r) = -2*r**3 + 3*r**2 + r + 1. Let m be g(3). Let s = -14 - m. Suppose 0 = 4*j - 5*j + 25. Calculate the remainder when j is divided by s.
7
What is the remainder when 86 is divided by (2/3)/(16/696)?
28
Suppose -36 = -5*m + 3*h + h, 4*m = -4*h. What is the remainder when 18 is divided by m?
2
Let a(h) = h. Let x be a(2). Suppose -r + x*r + 2 = 0. Calculate the remainder when 3/r*(0 - 2) is divided by 2.
1
Let q be (1 + 2 - 2)*2. Let l be q/(-10)*2*5. What is the remainder when 0 - (l + 1 + -27) is divided by 10?
8
Let o = 33 + -1. Calculate the remainder when o is divided by 12.
8
Let c(r) = -r**3 - 9*r**2 + 9*r - 3. Let s(h) = 4*h + 3. What is the remainder when s(6) is divided by c(-10)?
6
Let k(l) be the third derivative of -l**6/30 - l**5/60 - l**4/24 + l**2. Let g = 7 + -8. What is the remainder when 6 is divided by k(g)?
2
Suppose 0 = -g - 0*g + 4. Suppose -k + g*o - 2 = 0, -2*k + 0*k + 26 = -2*o. Calculate the remainder when 34 is divided by k.
16
Let v(r) = -16*r - 2. Suppose 3*c = 2*c - 2. What is the remainder when v(c) is divided by 11?
8
Let h = 40 - 28. Let g be -1 + 2 + (2 - 1). Suppose -2*z - g*z + 8 = 0, -5*z = -4*k + 82. What is the remainder when k is divided by h?
11
Suppose -4*l + 27 = -0*k - 5*k, -2*l = -k - 9. Suppose -x + l*x = 98. Let a = -27 + 44. What is the remainder when x is divided by a?
15
Let f = -10 + 20. What is the remainder when 47 is divided by f?
7
What is the remainder when 2/5 - (-516)/10 is divided by 27?
25
Let c(p) = -p**3 + 7*p**2 + 6*p + 1. Let z(a) = a**3 + 5*a**2 - 8*a - 5. Let x = -18 - -12. Let n be z(x). What is the remainder when c(n) is divided by 15?
13
Suppose 42 = s + 3*i, 3*i + 120 = 3*s - s. Calculate the remainder when s is divided by 4.
2
Let q(g) = 36*g**3 - 1. Let s be q(-1). What is the remainder when -2*(s - -3)/2 is divided by 9?
7
Suppose 29 + 31 = -5*g. Let s = 16 + g. Let c = 10 + -3. Calculate the remainder when c is divided by s.
3
Calculate the remainder when 48 is divided by 396/39 - (-2)/(-13).
8
Suppose 2*m + 16 = 6*m. Suppose m*l = -l + 110. What is the remainder when l is divided by 12?
10
Let m(y) = 7 + 2*y - y + 0*y. What is the remainder when 3*1 - (-23 + 14) is divided by m(0)?
5
Suppose 3*u - 46 = 50. Let f = u - 3. Suppose 0 = -2*l + 8, 3*q - 4*q - l + 19 = 0. Calculate the remainder when f is divided by q.
14
Suppose 0*g = g - 6. Calculate the remainder when 14 is divided by g.
2
Suppose 5*k + 15 = 0, 4*k + k + 6 = -3*x. Suppose p + 5 = -2*p - 4*n, 10 = -x*p - 5*n. Let d = 8 - -6. Calculate the remainder when d is divided by p.
4
Suppose 5*d - 26 = 119. Let i be 2/(-2) + d + 1. Suppose -5*n = -i - 1. Calculate the remainder when 17 is divided by n.
5
Let a = 90 - 34. What is the remainder when 111 is divided by a?
55
Suppose 22 = 5*k - 3*y, -5*k + y + 18 = -6. Suppose -36 = -z - 4*x, -199 = -k*z - 4*x + 3*x. What is the remainder when z is divided by ((-14)/(-5))/(4/20)?
12
Suppose 5*u + 1560 = 9*u. Suppose -u = -5*t - 0*t. Let h = t + -37. What is the remainder when h is divided by 14?
13
Let y = 3 - -15. Let q = 188 + -120. Calculate the remainder when q is divided by y.
14
Let g(f) = f**2 - 2. Let z(y) = -20*y. What is the remainder when z(-2) is divided by g(-4)?
12
Suppose -5*c - 5 = -5*p, -4*p - c - 2 = -21. Let i(z) = z**3 + z**2 + z + 19. What is the remainder when i(0) is divided by p?
3
Let h(c) = c**2 - 7*c + 9. Let l be h(6). Suppose 4*k - 46 = -2*v, l*k + 16 = 4*k - v. What is the remainder when k is divided by 5?
3
Let v = 14 - 3. Let k = 1 - -5. Let w = k + 14. Calculate the remainder when w is divided by v.
9
Suppose 3*y + 69 = v, 4*y + 11 = 3. What is the remainder when 65 is divided by 27/v + 116/7?
14
Let o = 4 - 1. Let y = 45 + -13. Calculate the remainder when y is divided by (o - 1)/((-8)/(-44)).
10
Suppose 27 = 5*j + 2. Suppose -z = -j*z - 20, 2*n - 1 = -3*z. Suppose u + 7 = 29. Calculate the remainder when u is divided by n.
6
Suppose -2*z + 42 = 20. Suppose 0 = -2*b + m + 40, -3*m = b - 0*m - 27. What is the remainder when b is divided by z?
10
What is the remainder when 4/(-5) + (-1076)/(-20) is divided by 18?
17
Let u(v) = v**2 - v. Let l be u(1). Suppose -2 - 8 = -5*n. Suppose l*m + 44 = n*m. What is the remainder when 42 is divided by m?
20
Let r(w) = -5 + 3 - 4 - 4*w. Let i be r(-4). Suppose -28 = -g + i. What is the remainder when g is divided by 13?
12
Suppose -7 = -4*w + 1. Suppose 2*n = -5*y + 14, n = -3*y + 3*n + w. Let d(j) = -j**3 + 3*j**2 + j - 1. What is the remainder when 8 is divided by d(y)?
3
Suppose -3*w - 370 + 64 = 0. Calculate the remainder when 61 is divided by (-6)/(-10) - w/5.
19
Suppose -5*l - 1 = -6. Let n be (18/(-4))/((-3)/6). Let g = l + n. What is the remainder when 28 is divided by g?
8
Let t(d) = -d**3 + d**2 + d + 7. Calculate the remainder when t(0) is divided by 4.
3
Suppose -3*l = 2*l - 115. What is the remainder when 68 is divided by l?
22
Calculate the remainder when 25 is divided by (12/8)/((-70)/(-32) - 2).
1
Let q = -165 + 172. What is the remainder when 90 is divided by q?
6
Calculate the remainder when (-214)/(-14) - 12/42 is divided by 6.
3
Let h(z) = -z**2 + 8*z - 7. Let y = -6 + 12. Suppose -3*v + 33 = 3*a, -5*v + 3*a + 85 = -2*a. What is the remainder when v is divided by h(y)?
4
Suppose -b = -5*b + 52. Let p = 12 + -4. Calculate the remainder when b is divided by p.
5
Suppose -5*x = -j - x + 4, 3*x = -2*j + 8. Calculate the remainder when 70 is divided by j.
2
Let d be (140/(-3))/((-1)/3). Suppose 3*a - 7*a = 5*f - d, -2*f = 0. Suppose 3*i - 42 = -6. Calculate the remainder when a is divided by i.
11
Suppose 0 = 2*h - 5*h + 69. Suppose -3*a = -2*s - 7 - 4, -5*a + h = -s. Suppose a*x = x + 32. Calculate the remainder when 22 is divided by x.
6
Let y = -11 - -25. Calculate the remainder when 95 is divided by y.
11
Let h be (-1)/((-5)/(-3) - 2). Let v(l) = l**3 - l + 87. Let u be v(0). Suppose -6*d + h*d = -u. What is the remainder when d is divided by 10?
9
Let x(o) = -o**2 + 8*o - 2. What is the remainder when 75 is divided by x(3)?
10
Suppose -3 = -0*v - 3*v. Calculate the remainder when (-5 + 33)/(0 + v) is divided by 10.
8
Let k(x) = -3*x + x**3 - 4 - 1 + 4*x**2 - 4*x. What is the remainder when 14 is divided by k(-5)?
4
Let g(o) = -17*o**3 - 2*o**2 - o. Let u(l) = l**3 + 7*l**2 - 3*l + 9. What is the remainder when u(-7) is divided by g(-1)?
14
Let h = -14 - -11. What is the remainder when 51/(h/2 + 3) is divided by 9?
7
Suppose -7 = 2*l - 3*l. Let n(m) = m**2 - 12*m**2 + 3*m**3 - 11*m - 2*m**3 - 2*m + 16. Calculate the remainder when l is divided by n(12).
3
Suppose 2*u = -6, 0*j - 5*j + 34 = -3*u. Suppose 0 = -4*b + j*b + 5*r - 25, -b = 2*r - 22. What is the remainder when b is divided by 11?
9
Suppose -2*f + 6 = 0, k = 2*f + 4 + 5. Suppose -4 - 6 = -b + 2*o, 28 = 4*b - 2*o. Calculate the remainder when k is divided by b.
3
Suppose 86 = 7*j - 68. Calculate the remainder when 149 is divided by j.
17
Suppose t - 4*n - 42 = 0, 3*t = -0*n + 4*n + 126. Calculate the remainder when t is divided by 9.
6
Calculate the remainder when 52 is divided by 4 - (-13)/(13/14).
16
Let w = 35 - 12. What is the remainder when 67 is divided by w?
21
Let a(v) = v**2 - 8*v + 8. What is the remainder when a(10) is divided by 10?
8
What is the remainder when 37 is divided by 164/14 - (-18)/63?
1
Suppose 9*l = 11*l - 22. What is the remainder when l is divided by 4?
3
Let k(d) = 5*d**3 - d**2 + 4*d - 3. Let l be k(2). Let p = l - 4. Suppose -b + 76 = 3*b. Calculate the remainder when p is divided by b.
18
Let m(s) = -5 + 2 - s**2 + 0*s - 3 - 11*s. Let p be m(-10). Let v